7
Let m(c) be the third derivative of -c**5/60 - c**4/6 - 13*c**3/6 + 2*c**2 - 8*c - 35. What is m(-4)?
-13
Let x(n) = -n**2 - 6*n - 26. Let y = 10874 + -10874. What is x(y)?
-26
Let n(g) = -15*g - 11 - 1 - 5*g**2 + g + 1 + 6*g**2. What is n(11)?
-44
Let b(u) = 2*u**3 - u**2 + u + 2. Let c = 806 + -820. Let m(l) = -l**3 - 12*l**2 + 27*l - 16. Let a be m(c). What is b(a)?
-20
Let c(n) = 7*n**2 + 5*n - 3. Let w(r) = -r**2 - r. Let y(t) = -c(t) - 6*w(t). Determine y(9).
-69
Let o = 79 + -76. Suppose 5*p = -5*z + 20, 2*p - o*z + 3 - 1 = 0. Let h(f) = 3*f**p - 4*f**2 + f**3 - 2*f**2 + 4*f - 2. Give h(2).
2
Let r(y) = 25*y**2 - 16*y**2 - y**3 - 192 + 202. What is r(9)?
10
Let h(p) = -5*p**3 + 4*p**2 - p. Let r(c) = 3*c**3 - 5*c**2 - c + 1. Let v(l) = 2*h(l) + 3*r(l). Suppose -3*m = 5*w + 41 - 8, -2*m = -5*w - 3. What is v(m)?
-3
Let j(g) = 48*g. Let p(v) = -2*v**2 + 76*v + 75. Let d(q) = 2*j(q) - p(q). Determine d(-13).
3
Let u(x) = -2*x**2 - 16*x - 3. Let h = 1551 + -817. Let c = h - 742. Give u(c).
-3
Let d = -23 - -28. Suppose 14 = -d*b + 24. Let a(q) = 7*q**b + 5 + 19 + q**3 - q - 16. Calculate a(-7).
15
Let k(a) = a**2 + 6*a - 8. Let m = 1584 - 1583. What is k(m)?
-1
Let c be (3*4/(-18))/((-178)/6675). Let p(w) = -10*w + 252. What is p(c)?
2
Let k(z) = z**3 + z**2 - 6. Let j be k(0). Let q(n) be the third derivative of -n**5/60 - 7*n**4/24 - n**3/6 - 39*n**2 - 24. Give q(j).
5
Let i(j) = -4*j - 22. Suppose r = 5*x + 1, -4*r - 2*x + 1 = 41. Determine i(r).
14
Suppose 4*f = x - 38, -3*f + 3 = 6. Let t(g) = 2516 + x*g**3 + 2508 - 5023. Give t(1).
35
Let l(c) = -11*c**2 + 7*c - 5. Let n(k) = -6*k**2 + 4*k - 3. Let g(s) = 4*l(s) - 7*n(s). Suppose 5*t - 2*y - 3 = 0, 5*t = 53*y - 36*y + 138. What is g(t)?
-17
Let t(g) = -g + 2. Suppose -24*k - 60 = -30*k. Suppose -4*f + 18 + k = 4*u, -5*f - 4*u = -31. Calculate t(f).
-1
Let l(p) be the third derivative of -p**4/8 - 6*p**3 + 2*p**2 - 725. Calculate l(-10).
-6
Let j(q) = -q**3 - 10*q**2 - 8*q + 12. Let a be j(-9). Let f(d) = -a*d + 21*d**3 + 2 - 20*d**3 + 6*d**2 - 12*d**2 + 3. Give f(6).
-13
Let h(j) = -j**2 + 5. Suppose -2*p + 54 = -k, -3*k = -k. Let s be p/(-45)*(1 + 4). Give h(s).
-4
Suppose -10 = -9*m - 82. Let c = -9 - m. Let s = c - 7. Let l(b) = -b**3 - 9*b**2 - 8*b - 4. Calculate l(s).
-4
Let m(q) = 2*q**3 - 2*q**2 + 3*q - 1. Let s be (207/46*1/(-3))/(9/(-12)). Give m(s).
13
Let i(y) be the third derivative of 0*y - 90*y**2 - 5/8*y**4 - 1/4*y**5 - 1/120*y**6 + 0 - 5/3*y**3. Determine i(-14).
4
Let b(c) = 27 - 4*c + 2171*c**2 + 2176*c**2 - 26*c - 4348*c**2. What is b(-31)?
-4
Let o(n) = -n**2 + 6*n - 4. Let u be o(4). Let p(c) = 3*c - 2. Suppose -24*f - 29 = 43. Let k(v) = -3*v + 1. Let t(g) = f*k(g) - 2*p(g). What is t(u)?
13
Let s(a) be the third derivative of -a**4/8 - a**3/6 + a**2. Suppose 175*v - 533 = -1161 + 453. What is s(v)?
2
Let r = 0 - -4. Suppose -4*m = h + r, -3*m + 9 = 4*h - 1. Let d be m/(-3) - 3/(18/28). Let k(l) = l**2 - l - 3. Give k(d).
17
Let i(z) = z**3 + 10*z**2 - 10*z + 28. Let d be i(-13). Let l = d + 353. Let t(m) = 3*m - 6. Determine t(l).
6
Let x(t) = -42*t + 1. Let g be x(-1). Let a = g - 41. Let u(f) = -a*f + 5*f**2 + 2*f - 1. Calculate u(-1).
4
Let h(a) = -32 - 21 + a**3 - a - 26 + 78 - 6*a**2. Let r be 8 + (-6)/2 + -3. Suppose k - r*k + 6 = 0. Determine h(k).
-7
Let h(u) = -25*u + 3. Let m be ((-49)/21 + 4)/(20/48). Let l(n) = 20*n - 2. Let y(c) = m*l(c) + 3*h(c). Give y(-5).
-24
Let h(m) = -32*m - 36*m - 3 + 90*m + m**3 - m**2 + 5*m**2 - 29*m. Give h(-5).
7
Let o(u) = -13*u + 14. Suppose 4*x = x - k + 10, 0 = -5*x - k + 18. Let c(i) = 16*i - 15. Let j(h) = x*c(h) + 5*o(h). What is j(9)?
1
Suppose 0 = 28*i + 33 - 145. Let d(b) = i*b**2 - 4*b - 7*b**2 + b + 0*b + b**3 + 3 + b**2. Calculate d(2).
-3
Let q(m) be the third derivative of -m**5/20 - 7*m**4/24 + 7*m**3/2 - 8*m**2 + 143*m. Calculate q(-4).
1
Let z be (((-1944)/(-45))/(-18))/((-9)/15). Let m(r) = r**3 - 5*r**2 - 7*r + 50. Determine m(z).
6
Let v(y) be the second derivative of y**3/6 - 13*y**2/2 + 220*y - 8. Calculate v(8).
-5
Suppose 122 = y - 3*y. Suppose x + 11*q = 7*q + 76, -3*x - 4*q + 188 = 0. Let i = x + y. Let h(o) = -o**2 - 3*o + 6. What is h(i)?
-4
Let d(i) = -i**3 - 2*i**2 + 37*i - 5. Let k be d(-7). Let c(h) = -8*h - 50. What is c(k)?
102
Let m(t) = 10*t**2 + 2. Let b(p) = -89*p**2 - 5*p - 19. Let l(w) = b(w) + 9*m(w). Determine l(4).
-5
Let d(b) be the third derivative of -11*b**6/120 - 3*b**5/20 + b**4/2 + 13*b**3/6 + 34*b**2 - b. Let i(y) = 2*y**3 - y - 1. Let n(f) = d(f) + 6*i(f). Give n(8).
-9
Let x be (-24)/(-136) + (-300)/(-34). Let v(l) = -l**3 + 9*l**2 + 2*l - 16. What is v(x)?
2
Let i = -55 - -77. Let y be (2 + 3)/(-9 - (-476)/51). Let m = i - y. Let f(r) = -r + 1. Determine f(m).
-6
Let u = 11 - -1. Let k(t) be the second derivative of t**5/20 - 13*t**4/12 + 2*t**3 + 3*t**2/2 + 13236*t. Give k(u).
3
Suppose 0 = 4181*y - 4180*y - 27. Let q(i) = -i. What is q(y)?
-27
Let u(x) = -11*x**2 + 3*x + 2. Let g(o) = 59*o**2 - 16*o - 10. Let i(a) = 4*g(a) + 22*u(a). Give i(4).
-84
Let q(j) = j**3 - 25*j**2 + 25*j - 30. Suppose 237*x - 2328 - 2616 = 31*x. Calculate q(x).
-6
Suppose -3*o = -0*g + 2*g + 493, -3*g - 787 = -5*o. Let c = 249 + g. Let s(u) = 5*u - 4. What is s(c)?
-29
Let l(i) = 17*i**3 + 2*i**2 - 1. Let q(o) = 8*o - 111. Let z be (82 + -5)/7 + (6 - 3). Let p be q(z). Calculate l(p).
18
Suppose 0*m + 1 = -m. Let j = -54 - -60. Let h(i) = 8*i + 9. Let o(x) = 4*x + 5. Let u(w) = j*h(w) - 11*o(w). What is u(m)?
-5
Let k be (2*-4 + -75 + 65)/(-2). Let s(h) = -h**2 + 3*h + 70. Determine s(k).
16
Let r(o) = 12*o - 64. Suppose 5*n - 31 = 5*k - 21, 5*k = 4*n - 5. Calculate r(n).
-4
Let f(y) = 2*y - 1. Let w be (12/18)/((-2)/(-21)) + -3. Suppose -2*n = -8 - 2, w*n - 12 = k. Let q be 2 - (2*4/k)/(-1). Give f(q).
5
Let j(n) = 2*n**2 + 24*n - 84. Let s be j(4). Let g(a) = -3*a + 3*a**3 - 4*a**3 - s + 40 - 4*a**2. Determine g(-4).
8
Let o(p) = p**3 + 13*p**2 + 13*p + 12. Let i be o(-12). Suppose 8 = 2*d - i*m + 4*m, 3*m = d + 11. Let k(j) = -j**3 - 1. Give k(d).
7
Let x be (-10)/((2 - 6)/(54/27)). Let z(n) = 6*n**3 - 5*n**2 + 14*n + 15. Let b(o) = -5*o**3 + 6*o**2 - 13*o - 14. Let d(r) = x*b(r) + 4*z(r). Determine d(8).
46
Let c(k) = 131*k + 7216. Let r be c(-55). Let v(p) = 43*p - 465. Determine v(r).
8
Suppose 5*w = -4*l - 33, w + 5 + 0 = 0. Let u be (l - 8)*6/12. Let n be 3 - (-4 - (u + 4)). Let h(k) = k**3 - 7*k**2 + 9*k - 6. Calculate h(n).
12
Let p(d) be the second derivative of -5*d**3/6 - 25*d**2/2 - 8*d - 10. Give p(-9).
20
Let m(z) = 2*z + 32. Let u be -5*(-44)/(-10) - -9. Give m(u).
6
Let y = 17 - 34. Let a = -12 - y. Let j(v) = -v - 2 + 7*v - 2*v - 2*v. Give j(a).
8
Let z(q) = q**3 + 10*q**2 - q - 12. Suppose -12 = 3*j, -3*w - 2*j = -6*j - 16. Suppose 0 = 5*f + v - 3*v + 52, 2*f + 7*v + 13 = w. What is z(f)?
-2
Let h(a) = 19*a**3 - 199*a**2 - 208*a - 415. Let s(n) = -4*n**3 + 40*n**2 + 42*n + 83. Let r(j) = -3*h(j) - 14*s(j). Determine r(38).
7
Let z be (7/(-2))/((-23)/46). Let r(l) = z + 50*l - 18*l - 14*l - 17*l. Give r(-6).
1
Let d(w) = -2 + 1 + 2*w**2 - 33*w**3 + 36*w**3. Let x = -193 + 191. Give d(x).
-17
Let l(t) = -t - 3. Let v = 148 + -140. Suppose -h + 4*w - 2*w + v = 0, 2*w = 4*h - 8. What is l(h)?
-3
Suppose 5*l + 3*j - 43 = 0, -22 = -2*l + 1606*j - 1608*j. Let h(g) = g**3 - 4*g**2 - 7*g + 3. Give h(l).
-7
Let b(f) = 5*f - 5. Let i be b(3). Let g(m) be the first derivative of 3*m - i - 5/2*m**2 + 2/3*m**3. Give g(4).
15
Let z(t) = t**2 + t + 8. Suppose 5*w + 4*w + 45 + 0 = 0. What is z(w)?
28
Let v(d) = 5 - 2*d + 16 + 7 + 15 - 33. Let h(w) = -2*w + 9. Let q(n) = 6*h(n) - 5*v(n). Calculate q(7).
-10
Let j(c) = -129*c**2 + c + 64*c**2 + 66*c**2. Suppose n + 3*u = -7, u = -4*n + 3*n + 1. Let y = 6 - n. Give j(y).
2
Let z(t) = 0*t - 8*t + 7*t + 7 - t**3 - 5*t**2 + 5*t. Suppose y + 5 = 0, -5*p - y - 38 + 148 = 0. Suppose -x - 4*b = -11, -5*x - 18 - p = -4*b. What is z(x)?
-13
Let j(r) = -66*r - 527. Suppose 5*k = 3*h - 43, 3*k + 2*h + 38 = -2*k. Give j(k).
1
Let y = 383 + -379. Suppose x + 5*c + 7 = 0, -5*x + y*c - 35 = -0*x. Let n(g) = -g + 3. Give n(x).
10
Let f(b) = 61*b + 18. Let g(u) = -232*u - 69. Let p(m) = 19*f(m) + 5*g(m). Suppose 5*s + 33 = -2. Calculate p(s).
4
Let